Let g(w) = 14835*w**2 + 18*w - 8. Is g(-3) composite?
True
Let c(n) = n - 4. Let w be c(9). Suppose -6 = -x - w*x. Is 342 - (5 + -1 - x) a composite number?
True
Let v = 117 - 115. Suppose -4*t - 16 = -5*f, -f = -5*t + v - 22. Suppose f = -4*j + 879 - 283. Is j a composite number?
False
Suppose 37*d = 51*d - 1016232. Suppose 35*z = d + 381677. Is z a prime number?
True
Suppose 2*n = -6, -4*n - 5 + 1487 = 3*c. Suppose -3*f + 255 + c = 0. Is f a composite number?
False
Is 12602 - ((-37)/74)/(1/(-2)) a composite number?
False
Let s = -23589 + 24076. Let n = -138 - -288. Let f = s - n. Is f prime?
True
Is 4 - 2789430/(-15) - -5 prime?
True
Suppose -2*w + 5*q = 8 - 33, 0 = q + 3. Suppose w*r - 5*g - 1050 = 0, 0 = 5*r - 0*g - g - 1066. Suppose r = 3*j + 13. Is j a composite number?
False
Suppose 8*q - 9*q = 0. Let s be (-37760)/((-20)/(-5))*(q + -1). Suppose 0 = -14*r - 1642 + s. Is r composite?
False
Let d be (-1)/((-3)/(-1)*1/6). Let j(w) = 262*w**2 - 11*w - 28. Is j(d) a prime number?
False
Let k(g) = 9*g**2 - 9*g - 21. Let i be k(-15). Let l = 3329 - i. Suppose -5*p - 5*r = -l, 4*r = p + 6*r - 241. Is p a composite number?
True
Let w = -341 + 345. Suppose 3553 = w*b - q, 25*b - 26*b + 880 = -3*q. Is b a composite number?
True
Let o be (((-147)/(-28))/7)/(2/(-17096)). Let v = o - -4518. Let y = 202 - v. Is y a prime number?
False
Let l(i) = 402*i - 127. Let d(c) = -403*c + 107. Let q(s) = -6*d(s) - 5*l(s). Suppose k - 4 = -4*k - 3*z, -3*k + 4*z + 14 = 0. Is q(k) composite?
False
Let v(l) = -2031*l + 1429. Is v(-58) a composite number?
False
Let k = -13509 - -22062. Is k composite?
True
Suppose 9*u = u + 56. Let t(y) = 19*y - 6. Let m be t(u). Let n = 218 - m. Is n composite?
True
Is ((-20)/(-105)*889)/((-8)/(-2946)) prime?
False
Let v be (-18)/36 - 65842/(-4). Let g = v - 6453. Is g composite?
False
Let x = -582 - 2755. Let q = -5004 - x. Let w = 3640 + q. Is w a prime number?
True
Suppose 5*k = -62 + 82. Suppose -13 - 7 = -k*w. Suppose 3*t = -w*m + 6040, 3*t + 0*t + 3*m - 6030 = 0. Is t a composite number?
True
Suppose -5*n = -q + 476, -4*n + 1333 = q + 2*q. Let r = q - -1063. Is r a prime number?
False
Let x(m) be the second derivative of 96*m**3 - 119*m**2/2 + 2*m + 5. Is x(11) a prime number?
True
Let s be 4*(4 - 45/12) - -4. Let u(n) = 128*n**2 + s + 7708*n - 7708*n. Is u(-4) prime?
True
Suppose -7436772 = -21*n + 5483037. Is n prime?
True
Let k be 4*2/(-8)*(1 + -1). Suppose t = -2*i - k*t + 834, 5*i - 2071 = t. Is i a composite number?
True
Suppose -q = q. Let g(a) = 6*a**3 + 4*a**2 - a + 1471. Let d(x) = -5*x**3 - 3*x**2 + x - 1473. Let n(p) = -5*d(p) - 4*g(p). Is n(q) prime?
True
Suppose -59*w - 233021 = -1124334. Is w prime?
True
Let u be 52/(-286) + (-2)/((-22)/9473). Let o = u + -4489. Is (1/(-2))/(2/o) a prime number?
True
Let g(y) = 4*y**3 + 16*y**2 - 45*y + 205. Is g(24) a composite number?
True
Let f be ((-16436)/(-42))/(1*(-4)/(-6)). Suppose -352*l - f = -353*l. Is l composite?
False
Let l = 24519 + -22360. Is l a composite number?
True
Let g(f) = 2*f**3 - 30*f + 126 + 3*f**2 - 2*f**2 + 65 + 29*f. Let v(s) = -s**3 - s + 2. Let q be v(1). Is g(q) a prime number?
True
Is ((-2)/(-3))/(640/16407840)*(1 + 25) a composite number?
True
Suppose 4*z - 3275 = v, 3*z - 5*v - 4105 = -2*z. Let b be z - 7/((-7)/(-4)). Let l = 1283 - b. Is l composite?
True
Let d(m) = 82*m**2 + 84*m + 571. Is d(-22) prime?
False
Let m = 75019 + 4092. Is m a composite number?
False
Let w(u) = -147*u**3 + u**2 - 6. Let p be w(-4). Suppose -27*k = 4*z - 24*k - 9422, -4*z - 5*k = -p. Is z a prime number?
True
Let n(a) = a**3 + a**2 - 4*a - 2. Let y be n(-2). Suppose y*k - 2845 = 2*c + c, -7145 = -5*k + c. Let i = k + -889. Is i composite?
False
Let k = -6 + 6. Let b(d) = -1078*d**2 + 0*d + 1077*d**2 - d**3 + 0*d + 821. Is b(k) a composite number?
False
Let q(b) = 20*b**3 + 182*b**2 - 125*b - 34. Is q(41) composite?
False
Let o = -36175 + 21644. Let i = 26394 + o. Is i a prime number?
True
Suppose -13 - 23 = 2*k. Is 5/3 - 14208/k prime?
False
Let l(y) = 404*y - 1. Let v be -4*(-3)/12 + 2. Is l(v) prime?
False
Let f(w) = 470*w**2 - w + 1. Let b = 67 + -68. Let r be f(b). Let j = 157 + r. Is j composite?
True
Suppose 6*d + 1207 = -575. Let w = 599 - 97. Let p = w + d. Is p composite?
True
Let o = 72870 - 51161. Is o a prime number?
False
Let g = 34 + -18. Let r be (1 - -2) + 0*(-4)/g. Suppose 2*t = -r*t + 1595. Is t a composite number?
True
Let z(r) = 2*r + 1384. Suppose 7*c = 3*c - 7*c. Let t be z(c). Suppose 0 = 5*o - t - 3151. Is o prime?
True
Suppose 99211 = g - 3*w, -305480 = -3*g + w - 7863. Is g a prime number?
False
Let v(y) = y**2 - 70*y + 92051. Is v(0) composite?
False
Suppose -5*n - 99 = -2*c, 11*n - 5*c - 85 = 16*n. Let a(m) = -2*m**3 - 33*m**2 + 39*m - 15. Is a(n) composite?
False
Let x(p) = 1349*p**2 + 17*p - 209. Is x(6) a composite number?
True
Let q(z) = 2844*z - 1933. Is q(90) prime?
True
Is (-9)/18 - (10 + (-14235)/6) a composite number?
True
Let d(s) = -8*s**2 + 58*s - 14. Let y be d(7). Let q(u) = -u**3 + u + 576 + 328 + 19. Is q(y) prime?
False
Suppose 1955*z = 1911*z + 11755348. Is z composite?
False
Let t(x) = -24*x**3 + 65*x**2 - 171*x - 29. Is t(-24) a composite number?
False
Let t(a) = a**3 + 17*a**2 - 20*a - 32. Let o be t(-18). Suppose 0 = -o*b + 2*b - 6. Let g(j) = -3*j + 25. Is g(b) composite?
True
Suppose -3*w + 60477 + 14778 = 0. Let r = w + -17476. Is r composite?
True
Let o(t) = 3348*t**2 - 105*t - 329. Is o(-4) prime?
False
Suppose 19*f + 45264 = 17*f. Let j = f - -37914. Suppose 0 = 5*d + c - j, -2*d + 9*c - 12*c + 6105 = 0. Is d a prime number?
False
Suppose x = -o + 26781, -5*x + 16986 = -o - 116895. Is x prime?
True
Let r(y) = y - 3. Let j be r(5). Suppose 27 - 35 = -j*o. Suppose 8*p - o*p = 1192. Is p prime?
False
Is (-1193311)/21*(1 - 2)*(47 + -44) prime?
True
Let j = 67 + -123. Let c = -56 - j. Let a(x) = -x**2 + 4*x + 381. Is a(c) composite?
True
Let u be 4/16*-2*4436. Let i = u + 3629. Is i prime?
False
Let w(c) = 252*c**2 + 2*c - 17. Let f be w(-5). Let m = 10262 - f. Is m composite?
False
Suppose 1096367 = 3*d + 2*m, 2*m + 195609 + 900754 = 3*d. Is d a composite number?
True
Let f(l) = 2*l - 20. Let c be f(9). Let i be (248/(-10))/(2*c/310). Let r = i - 1167. Is r a composite number?
True
Let g(q) = 3*q**2 - 4*q - 1. Let j be g(1). Is (32567/(-87))/(j/6) prime?
True
Suppose -3*m = -5*p - 5913263, 17739825 = 9*m - 21*p + 24*p. Is m a composite number?
False
Suppose 648239 = 5*z + 4*h, 405*h = -z + 402*h + 129650. Is z prime?
False
Let d(c) = c**2 + 16*c + 33. Let s be d(-14). Suppose k - 48 = s*k. Is 1049/(k/4 + 4) a prime number?
True
Suppose 18 - 48 = 6*u. Let i(h) = 10*h**2 + 5*h + 2. Let n(r) = -r**2 - 1. Let w(k) = i(k) - n(k). Is w(u) prime?
False
Let n = -48 + 57. Let r(o) = -170*o - 23. Let w be r(n). Let a = 2648 - w. Is a a composite number?
False
Let i(p) = -p**2 - 4*p - 7. Let c be i(-5). Let r be (c/8 + 1)*-4. Is (1/(-5)*r)/((-23)/6785) prime?
False
Let u(g) = -94*g**2 + g + 1. Let a be 1/(-2 - (-9)/6). Let r be u(a). Let c = r + 748. Is c a composite number?
True
Suppose -33*g + 4043703 - 1184154 = 0. Is g a composite number?
True
Let v = 125 - 72. Let z = 58 - v. Suppose -2*j + 5*y = -1589, 0 = z*j - 2*y - 3*y - 3980. Is j prime?
True
Let f(j) = -j**3 + 11*j**2 - 3*j + 8. Let v be f(-9). Let h = v - -2236. Suppose 4*q - 41 = h. Is q composite?
False
Let h(z) = -115801*z + 1149. Is h(-16) a composite number?
True
Suppose 2*k - 2*c = 0, 12 + 9 = -3*k - 4*c. Let n be (4 + k)*-74*-2. Let j = -55 + n. Is j prime?
False
Let g = 162416 - 89449. Is g a composite number?
True
Let x = -52 - -68. Let i be (2 + x/(-10))*265. Let m = i + 147. Is m prime?
False
Suppose -144808 = -14*c - 6*c + 1868772. Is c a composite number?
True
Let r = 2123 + -2120. Suppose -4089 = -b - 4*f, 3*f = -b + 2*f + 4080. Suppose r*h - b = -0*h - 2*y, -h + 1345 = -4*y. Is h composite?
True
Let o = -34645 + 87986. Is (8 + o)*(-4)/(-12) prime?
True
Let v be (8/(-3))/((-211056)/105525 + 2). Is 29 + -24 + v/(0 - -2) composite?
True
Let i = -141315 - -318995. Suppose -13*m = -29*m + i. Is m a prime number?
False
Let k(h) = 2*h**3 + 28*h**2 + 16*h - 57. Is k(22) prime?
False
Suppose -45*c - 163103 = -470048. Is c/8 - (-6)/16 composite?
False
Le